{"id":520,"date":"2023-09-01T12:22:31","date_gmt":"2023-09-01T12:22:31","guid":{"rendered":"https:\/\/onurceritoglu.com\/?page_id=520"},"modified":"2024-12-11T20:02:37","modified_gmt":"2024-12-11T20:02:37","slug":"salvaging-buildings","status":"publish","type":"page","link":"https:\/\/onurceritoglu.com\/","title":{"rendered":"Salvaging Buildings"},"content":{"rendered":"\n<figure class=\"wp-block-image size-large\"><img loading=\"lazy\" decoding=\"async\" width=\"674\" height=\"1024\" src=\"https:\/\/onurceritoglu.com\/wp-content\/uploads\/2023\/09\/9783837669244frfi4d7EWNjXl_1280x1280-674x1024.jpeg\" alt=\"\" class=\"wp-image-522\" srcset=\"https:\/\/onurceritoglu.com\/wp-content\/uploads\/2023\/09\/9783837669244frfi4d7EWNjXl_1280x1280-674x1024.jpeg 674w, https:\/\/onurceritoglu.com\/wp-content\/uploads\/2023\/09\/9783837669244frfi4d7EWNjXl_1280x1280-197x300.jpeg 197w, https:\/\/onurceritoglu.com\/wp-content\/uploads\/2023\/09\/9783837669244frfi4d7EWNjXl_1280x1280-768x1168.jpeg 768w, https:\/\/onurceritoglu.com\/wp-content\/uploads\/2023\/09\/9783837669244frfi4d7EWNjXl_1280x1280-508x772.jpeg 508w, https:\/\/onurceritoglu.com\/wp-content\/uploads\/2023\/09\/9783837669244frfi4d7EWNjXl_1280x1280.jpeg 842w\" sizes=\"auto, (max-width: 674px) 100vw, 674px\" \/><\/figure>\n\n\n\n<p>Please order here: <a href=\"https:\/\/www.transcript-verlag.de\/978-3-8376-6924-4\/salvaging-buildings\/\">https:\/\/www.transcript-verlag.de\/978-3-8376-6924-4\/salvaging-buildings\/<\/a><\/p>\n\n\n\n<p><\/p>\n\n\n\n<p>For at least two decades, major cities in Turkey have been subjected to endless waves of urban development that has left scores of building demolitions in its wake. The construction waste produced is immense but its removal or abatement is completely ignored by the state. Who will deal with all this waste? Enter the reclaimers (<em>\u00e7\u0131kmac\u0131s<\/em>), an informal network of building salvagers who have stepped in to create a new form of assemblage that fills this gap. Erdogan Onur Ceritoglu makes an in-depth ethnographic study of the under-the-radar livelihood of the reclaimers long-term. He also focuses on incremental architecture through the reuse of second-hand building elements.<\/p>\n\n\n\n<figure class=\"wp-block-embed is-type-video is-provider-youtube wp-block-embed-youtube wp-embed-aspect-16-9 wp-has-aspect-ratio\"><div class=\"wp-block-embed__wrapper\">\n<iframe loading=\"lazy\" title=\"Zvuk misli #22 - Salvaging Buildings guest: Onur Cerito\u011flu\" width=\"620\" height=\"349\" src=\"https:\/\/www.youtube.com\/embed\/p1jghgfMspQ?feature=oembed\" frameborder=\"0\" allow=\"accelerometer; autoplay; clipboard-write; encrypted-media; gyroscope; picture-in-picture; web-share\" referrerpolicy=\"strict-origin-when-cross-origin\" allowfullscreen><\/iframe>\n<\/div><\/figure>\n","protected":false},"excerpt":{"rendered":"<p>Please order here: https:\/\/www.transcript-verlag.de\/978-3-8376-6924-4\/salvaging-buildings\/ For at least two decades, major cities in Turkey have been subjected to endless waves of urban development that has left scores of building&#8230;<\/p>\n","protected":false},"author":2,"featured_media":0,"parent":0,"menu_order":3,"comment_status":"closed","ping_status":"closed","template":"","meta":{"footnotes":""},"class_list":["post-520","page","type-page","status-publish","hentry"],"jetpack_sharing_enabled":true,"_links":{"self":[{"href":"https:\/\/onurceritoglu.com\/index.php?rest_route=\/wp\/v2\/pages\/520","targetHints":{"allow":["GET"]}}],"collection":[{"href":"https:\/\/onurceritoglu.com\/index.php?rest_route=\/wp\/v2\/pages"}],"about":[{"href":"https:\/\/onurceritoglu.com\/index.php?rest_route=\/wp\/v2\/types\/page"}],"author":[{"embeddable":true,"href":"https:\/\/onurceritoglu.com\/index.php?rest_route=\/wp\/v2\/users\/2"}],"replies":[{"embeddable":true,"href":"https:\/\/onurceritoglu.com\/index.php?rest_route=%2Fwp%2Fv2%2Fcomments&post=520"}],"version-history":[{"count":7,"href":"https:\/\/onurceritoglu.com\/index.php?rest_route=\/wp\/v2\/pages\/520\/revisions"}],"predecessor-version":[{"id":717,"href":"https:\/\/onurceritoglu.com\/index.php?rest_route=\/wp\/v2\/pages\/520\/revisions\/717"}],"wp:attachment":[{"href":"https:\/\/onurceritoglu.com\/index.php?rest_route=%2Fwp%2Fv2%2Fmedia&parent=520"}],"curies":[{"name":"wp","href":"https:\/\/api.w.org\/{rel}","templated":true}]}}